n**3 + 151*n**2 - 391*n + 9343. What is z(-154)?
-1591
Let l(m) = 2*m**3 + 4*m**2 + m + 16. Determine l(-5).
-139
Let b(y) = y**2 + 23548*y + 2484860. Give b(-106).
8
Let x(w) = w**2 + 73*w + 1925. Calculate x(-39).
599
Let n(k) = -3*k**2 - 135*k + 20896. Give n(-112).
-1616
Let w(l) = -730968*l - 9502582. Give w(-13).
2
Let v(j) = -1417*j**3 + 3*j**2 + 590*j - 590. What is v(1)?
-1414
Let h(d) = d**3 + 17*d**2 - 92*d - 76. Determine h(-21).
92
Let s(l) = l**3 + 223*l**2 - 7223*l + 389355. Calculate s(-257).
0
Let o(v) = 26230*v + 9757558. Give o(-372).
-2
Let i(b) = -23*b**2 + 78*b - 127. Calculate i(-4).
-807
Let t(o) = 17*o**3 + 136*o**2 + 34*o + 227. Determine t(-8).
-45
Let s(j) = 11*j**3 - 146*j**2 - 96*j + 1587. What is s(13)?
-168
Let a(m) = 5442*m + 59860. Determine a(-11).
-2
Let u(c) = 2*c**3 - 208*c**2 + 5404*c - 152. What is u(50)?
48
Let d(b) = b**2 - 3227*b + 16131. What is d(5)?
21
Let g(y) = -2*y**3 + 2439*y**2 - 1282*y + 76809. Calculate g(1219).
12
Let q(t) = -20*t - 347. Determine q(-17).
-7
Let o(g) = 7306*g - 48413. What is o(6)?
-4577
Let t(o) = -o**3 - 704*o**2 + 1273*o - 98128. What is t(-706)?
6
Let o(a) = -4*a**2 - 86*a + 896. Determine o(-27).
302
Let k(q) = -296*q + 1805. Determine k(6).
29
Let i(y) = -5*y**3 + 18*y**2 - 245*y + 725. Calculate i(4).
-287
Let x(g) = 10*g**2 - 256*g - 45. Calculate x(27).
333
Let y(j) = -2723*j + 81685. What is y(30)?
-5
Let d(x) = 52*x**2 + 7022*x + 241. Calculate d(-135).
-29
Let i(f) = -13717*f - 95850. What is i(-7)?
169
Let s(n) = -15000*n - 345014. What is s(-23)?
-14
Let j(p) = -3*p**2 - 306*p - 7532. Give j(-60).
28
Let s(w) = 195439*w - 21302851. Calculate s(109).
0
Let i(w) = -3*w**2 - 11509*w + 289531. Determine i(25).
-69
Let h(l) = -2*l**2 + 897*l - 71086. Give h(103).
87
Let g(a) = -2934*a + 32380. Give g(11).
106
Let w(s) = 1374*s - 72913. Calculate w(53).
-91
Let i(x) = -x**3 + 3*x**2 + 49*x - 176. Calculate i(6).
10
Let s(p) = 76*p**2 - 1022*p + 445. Give s(13).
3
Let q(b) = 5*b**3 + 5066*b**2 - 260241*b + 101. Calculate q(49).
3
Let k(m) = -2*m**3 + 83*m**2 + 541*m - 1143. What is k(47)?
-15
Let c(k) = -6*k**2 - 197*k + 6681. What is c(29)?
-4078
Let q(i) = 13506*i - 878101. What is q(65)?
-211
Let n(x) = -22927*x + 183341. Give n(8).
-75
Let i(c) = -299*c - 11821. Determine i(-39).
-160
Let a(w) = -9*w**2 - 235*w + 235. Give a(1).
-9
Let s(h) = -h**3 - 40*h**2 - 171*h + 175. Determine s(-34).
-947
Let r(y) = 2056*y - 100724. Give r(49).
20
Let k(p) = -854*p + 4751. What is k(5)?
481
Let n(t) = -696*t + 1519. Give n(7).
-3353
Let l(r) = r**3 - 18*r**2 - 734*r + 14005. Give l(20).
125
Let w(u) = -3*u**3 - 806*u**2 + 9663*u + 5297. Calculate w(12).
5
Let q(s) = -4989*s**2 + 199564*s - 162. Calculate q(40).
-2
Let d(n) = -807641*n - 12922261. What is d(-16)?
-5
Let h(o) = 72*o**3 - 367*o**2 + 20*o - 2. Give h(5).
-77
Let t(c) = -c**2 - 927*c - 21698. Give t(-24).
-26
Let j(u) = -48147*u - 48344. Calculate j(-1).
-197
Let t(n) = 20*n**2 - 3211*n + 4939. Calculate t(159).
10
Let m(v) = v**3 + 212*v**2 + 8134*v - 29711. Calculate m(-160).
49
Let f(u) = u**3 + u**2 - 30*u + 249. Calculate f(5).
249
Let x(l) = 337*l**2 + 5924*l - 5924. What is x(1)?
337
Let b(j) = 2*j**2 + 1410*j + 22030. What is b(-16)?
-18
Let r(o) = -5779*o + 132938. What is r(23)?
21
Let t(b) = -1910*b + 601646. What is t(315)?
-4
Let p(m) = 4*m**2 + 4595*m - 46316. Determine p(10).
34
Let i(g) = 10181*g - 1903857. Calculate i(187).
-10
Let u(t) = -27*t**2 + 501*t + 113. Give u(21).
-1273
Let h(m) = 1225*m + 32079. Give h(-25).
1454
Let l(m) = -361109*m - 361099. Calculate l(-1).
10
Let w(x) = -2*x**2 + 712*x + 10369. What is w(370)?
9
Let a(w) = 269*w + 24593. What is a(-93)?
-424
Let o(r) = r**2 - 6768*r + 74442. Give o(11).
115
Let c(d) = -d**3 + 11*d**2 + 283*d - 253. Calculate c(23).
-92
Let w(y) = y**3 + 229*y**2 - 5520*y - 2. Determine w(22).
42
Let d(l) = 2210*l + 73742. Determine d(-33).
812
Let o(w) = -3*w**3 - 37*w**2 + 80*w + 1097. Calculate o(-5).
147
Let o(i) = 76*i**2 - 1140*i - 34. What is o(15)?
-34
Let k(c) = -6816*c**2 + 109126*c - 1123. Calculate k(16).
-3
Let m(d) = 5946*d + 201004. Calculate m(-34).
-1160
Let k(h) = h**3 + 107*h**2 - 708*h - 920. What is k(-113)?
2470
Let f(x) = 2*x**3 + 28*x**2 - 64*x - 131. Determine f(-14).
765
Let x(f) = 2*f**2 - 80*f + 87. Give x(24).
-681
Let m(v) = v**2 + 1020*v + 241357. What is m(-371)?
578
Let z(k) = -183*k + 778. Give z(4).
46
Let m(j) = -j**3 + 85*j**2 - 368*j + 3560. Calculate m(81).
-4
Let s(p) = 4*p**3 - 570*p**2 + 921*p - 10573. Determine s(141).
2
Let h(j) = -208831*j - 417668. Determine h(-2).
-6
Let w(g) = g**2 + 1064*g + 113264. Give w(-120).
-16
Let s(l) = -l**3 + 52*l**2 + 736*l + 2046. Calculate s(64).
-2
Let l(c) = c**3 - 8*c**2 - 49*c + 311. What is l(7)?
-81
Let x(k) = 22*k**2 - 194*k - 261. Determine x(8).
-405
Let h(j) = -3*j**2 + 391*j + 21092. Determine h(-41).
18
Let h(x) = -466*x + 23006. Calculate h(49).
172
Let j(n) = -15*n**2 - 1877*n - 58614. Determine j(-60).
6
Let r(h) = -342*h + 2014. Calculate r(5).
304
Let n(z) = 2*z**2 + 659*z - 59541. Calculate n(-404).
655
Let l(q) = -q**2 - 415*q - 35395. Give l(-120).
5
Let h(n) = -9243*n + 10390. What is h(1)?
1147
Let y(m) = 111*m**2 + 12*m + 17. Calculate y(-1).
116
Let s(j) = 1526*j - 2828. What is s(2)?
224
Let i(b) = -10116*b - 30600. Calculate i(-3).
-252
Let s(v) = 2*v**3 - 1088*v**2 - 4051*v + 1338. What is s(-4)?
6
Let y(i) = -138*i**2 + 380*i + 5. Determine y(3).
-97
Let p(v) = -133*v**2 + 12098*v + 233. Determine p(91).
-222
Let u(b) = 48*b**2 - 5371*b - 558. Calculate u(112).
2
Let q(l) = -3*l**3 - 84*l + 517. What is q(7)?
-1100
Let w(g) = -g**3 + g**2 - 36*g - 226. Give w(-9).
908
Let d(x) = 835*x + 7542. What is d(-8)?
862
Let m(k) = -k**2 + 99*k + 319. What is m(101)?
117
Let l(n) = -2*n**3 + 52*n**2 + 182*n - 134. Calculate l(29).
98
Let a(t) = 3*t**2 - 209*t - 168. Determine a(70).
-98
Let u(p) = -21580*p**2 + 64715*p + 61. Calculate u(3).
-14
Let v(c) = -1186*c - 9502. Calculate v(-8).
-14
Let o(n) = -5*n**2 + 1448*n - 12957. Calculate o(9).
-330
Let r(p) = p**3 - 594*p**2 + 86529*p - 336. What is r(338)?
2
Let r(j) = -2*j**3 - 341*j**2 + 15110*j - 210. Give r(-207).
-3
Let t(j) = -3*j**2 + 651*j + 19780. Calculate t(-27).
16
Let h(n) = 120*n**2 - 5582*n - 2714. Calculate h(47).
12
Let i(z) = -893*z + 13406. Give i(16).
-882
Let u(a) = -163*a**3 - 3*a**2 + 21*a - 17. Determine u(1).
-162
Let b(g) = 2*g**2 - 2368*g + 73906. Give b(32).
178
Let l(s) = -1268*s - 6560. Give l(-5).
-220
Let r(o) = 13685*o + 164221. Determine r(-12).
1
Let c(n) = 1284*n - 101696. Determine c(79).
-260
Let y(s) = 5886*s + 25755. Calculate y(-5).
-3675
Let s(q) = -92*q**3 - 275*q**2 + 208*q + 604. Determine s(-3).
-11
Let n(q) = -70162*q - 1824232. Determine n(-26).
-20
Let d(f) = -f**2 - 132*f + 300. Determine d(-16).
2156
Let n(g) = 2*g**2 - 16284*g + 97676. Determine n(6).
44
Let i(f) = 26*f**2 - 4024*f - 972. Determine i(155).
-42
Let o(c) = -2301*c + 11464. What is o(5)?
-41
Let s(b) = -b**3 - 7*b**2 + 108*b + 836. Give s(-9).
26
Let j(x) = 9*x**2 - 4031*x - 8055. Give j(-2).
43
Let u(v) = v**3 + 613*v**2 - 9394*v + 16323. Determine u(-628).
-5
Let g(t) = -t**2 - 4468*t + 322002. Calculate g(71).
-267
Let z(h) = -11*h**2 - 166*h + 12442. What is z(-42)?
10
Let r(f) = 3*f**3 - 758*f**2 - 262*f + 2278. Determine r(253).
1
Let j(t) = -9*t**2 - 264*t + 1394. Determine j(5).
-151
Let m(u) = -18*u**3 + 130*u**2 + 264*u + 12. What is m(9)?
-204
Let w(p) = -2*p**2 - 65*p - 219. Give w(-28).
33
Let s(t) = 12609*t - 50438. Calculate s(4).
-2
Let s(l) = l**3 + 108*l**2 + 1942*l - 958. What is s(-85)?
147
Let j(d) = -3*d**3 + 210*d**2 + 1638*d + 168. Determine j(-7).
21
Let c(j) = 18*j**2 + 65*j + 123. Give c(-4).
151
Let q(o) = 253149*o - 10632253. Determine q(42).
5
Let t(f) = -25531*f - 638262. What is t(-25)?
13
Let b(f) = 10*f**3 - 90*f**2 + 9*f - 16. Determine b(10).
1074
Let r(y) = 7654*y + 229641. Determine r(-30).
21
Let c(s) = -2*s**2 + 104*s - 1326. Give c(29).
8
Let s(r) = -r**3 - 36*r**2 - 121*r + 1107. Give s(-31).
53
Let q(b) = -3478*b + 379125. Determine q(109).
23
Let s(n) = 4*n**2 - 204*n + 2091. What is s(11)?
331
Let h(w) = 15101*w - 4771927. What is h(316)